ommon factor of 5 and 98695.
5
Calculate the highest common factor of 130356 and 17.
17
Calculate the greatest common factor of 1486 and 16.
2
What is the greatest common divisor of 291841 and 22704?
473
What is the greatest common divisor of 18288 and 384?
48
What is the greatest common factor of 52764 and 12?
12
What is the greatest common factor of 1144 and 351000?
104
Calculate the highest common factor of 132 and 1180146.
66
Calculate the highest common divisor of 369145 and 245.
35
What is the highest common factor of 7176191 and 11?
11
What is the greatest common factor of 30 and 43095?
15
What is the highest common divisor of 33600 and 205632?
1344
Calculate the greatest common factor of 46 and 243662.
46
What is the greatest common factor of 8967 and 1365?
21
Calculate the highest common factor of 2064 and 593744.
688
Calculate the highest common divisor of 12851 and 9514.
71
What is the greatest common factor of 474315 and 3377?
307
What is the highest common divisor of 2945 and 8401?
31
What is the greatest common divisor of 156 and 494?
26
What is the highest common divisor of 41652 and 9360?
468
Calculate the highest common divisor of 20194785 and 999.
999
What is the highest common factor of 3180 and 5940?
60
Calculate the greatest common divisor of 26 and 6435.
13
What is the highest common divisor of 9952 and 64?
32
Calculate the greatest common factor of 1605 and 1791501.
321
Calculate the highest common factor of 12 and 17137716.
12
What is the greatest common factor of 261489 and 303?
303
Calculate the greatest common factor of 134209 and 103.
103
Calculate the greatest common factor of 704 and 26257.
11
What is the greatest common factor of 6741 and 1449?
63
Calculate the highest common divisor of 1531 and 23.
1
What is the greatest common factor of 8409615 and 15?
15
What is the highest common factor of 1175 and 8977?
47
Calculate the greatest common divisor of 996 and 28.
4
Calculate the greatest common divisor of 8294 and 3190.
638
What is the greatest common divisor of 8298 and 3546?
18
What is the highest common divisor of 48 and 1428?
12
Calculate the highest common factor of 204570 and 126.
18
What is the highest common divisor of 2919 and 348334?
973
What is the greatest common factor of 14928 and 1680?
48
What is the greatest common divisor of 9 and 87919?
1
Calculate the highest common divisor of 300771 and 414.
207
What is the greatest common divisor of 1560 and 72?
24
Calculate the highest common factor of 674712 and 24.
24
Calculate the highest common divisor of 66045 and 9324.
777
Calculate the greatest common divisor of 30 and 1196574.
6
What is the greatest common factor of 1848 and 156387?
231
What is the highest common divisor of 17380 and 8?
4
What is the greatest common factor of 799 and 103541?
47
Calculate the highest common divisor of 130924 and 6745.
71
Calculate the highest common divisor of 4 and 23284.
4
What is the greatest common factor of 564 and 2871700?
188
What is the highest common factor of 430 and 41110?
10
Calculate the highest common divisor of 30432 and 1536.
96
What is the greatest common factor of 34 and 305609?
17
Calculate the greatest common factor of 52 and 64090.
26
What is the highest common factor of 143 and 4642?
11
Calculate the greatest common divisor of 9952 and 452.
4
What is the highest common divisor of 49649 and 3411?
379
Calculate the greatest common divisor of 38185 and 4760.
35
Calculate the highest common divisor of 94 and 549242.
94
What is the highest common divisor of 7488 and 47268?
468
What is the highest common divisor of 86 and 1912769?
43
Calculate the highest common divisor of 192970 and 5750.
230
Calculate the greatest common factor of 84640 and 8050.
230
Calculate the highest common factor of 7409 and 239.
239
Calculate the highest common factor of 599815 and 1.
1
Calculate the greatest common factor of 780 and 84.
12
Calculate the highest common divisor of 390 and 4615.
65
What is the greatest common factor of 196447 and 279?
31
What is the greatest common factor of 102900 and 1620?
60
What is the highest common factor of 13273 and 104?
13
What is the greatest common divisor of 366 and 1375794?
366
Calculate the greatest common divisor of 857659 and 165.
11
What is the highest common divisor of 8357 and 5246?
61
What is the highest common factor of 188 and 9353?
47
Calculate the highest common divisor of 2394 and 458262.
126
What is the highest common divisor of 205 and 65518?
41
What is the highest common divisor of 29434 and 18?
2
What is the highest common divisor of 8134 and 196?
98
Calculate the highest common factor of 86 and 1940160.
86
Calculate the greatest common factor of 37842 and 954.
318
Calculate the highest common factor of 416 and 442.
26
Calculate the greatest common factor of 116310 and 90.
30
Calculate the highest common factor of 10048 and 1056.
32
Calculate the greatest common divisor of 658 and 4662.
14
Calculate the greatest common factor of 334631 and 11.
11
What is the greatest common divisor of 195 and 75615?
15
What is the highest common divisor of 1863 and 2829?
69
What is the highest common divisor of 288 and 2725024?
32
Calculate the greatest common divisor of 1868618 and 372.
62
Calculate the highest common factor of 2463 and 75.
3
Calculate the greatest common divisor of 1729 and 40768.
91
Calculate the greatest common factor of 2094842 and 68.
34
What is the greatest common factor of 651 and 1925441?
217
Calculate the greatest common divisor of 17636 and 8.
4
What is the greatest common factor of 8 and 45764?
4
What is the highest common divisor of 603 and 3090911?
67
Calculate the highest common factor of 251 and 25853.
251
What is the greatest common divisor of 722687 and 238?
119
Calculate the greatest common divisor of 72728 and 136.
8
What is the highest common factor of 325 and 42150?
25
Calculate the highest common divisor of 16237 and 325.
13
Calculate the greatest common divisor of 8278 and 54.
2
What is the greatest common divisor of 2046 and 1798?
62
Calculate the greatest common factor of 6 and 166854.
6
What is the greatest common divisor of 1602 and 1022877?
801
Calculate the greatest common divisor of 504 and 25928.
56
What is the highest common factor of 186 and 1398?
6
Calculate the highest common factor of 6874 and 3.
1
Calculate the greatest common factor of 16559 and 29.
29
What is the greatest common divisor of 1352 and 233272?
104
Calculate the greatest common factor of 94502 and 2.
2
Calculate the greatest common divisor of 85371 and 2985.
597
What is the greatest common divisor of 3625 and 1624?
29
Calculate the highest common factor of 2951670 and 60.
30
Calculate the highest common divisor of 226380 and 1127.
49
Calculate the greatest common divisor of 1131 and 5187.
39
What is the highest common divisor of 1947 and 1529?
11
Calculate the highest common divisor of 52 and 30446.
26
What is the greatest common factor of 23880 and 804?
12
Calculate the greatest common factor of 263415 and 1020.
255
Calculate the greatest common factor of 1069 and 8441893.
1069
Calculate the highest common factor of 225328 and 112.
16
What is the highest common factor of 46320 and 210?
30
What is the highest common factor of 11 and 1216226?
11
What is the greatest common divisor of 13072 and 92416?
304
What is the highest common divisor of 17297 and 5295?
353
What is the highest common divisor of 36670 and 760?
190
Calculate the greatest common divisor of 3059 and 56350.
161
What is the greatest common factor of 1617 and 23961?
147
What is the greatest common factor of 129976 and 7?
7
What is the highest common factor of 635025 and 15?
15
Calculate the highest common divisor of 1722180 and 180.
60
Calculate the greatest common factor of 580 and 40165.
145
Calculate the highest common divisor of 230 and 4480.
10
Calculate the greatest common factor of 1162064 and 472.
472
Calculate the highest common divisor of 983174 and 38.
38
What is the highest common divisor of 17010 and 3465?
315
Calculate the highest common divisor of 34389 and 27.
9
Calculate the greatest common factor of 147710 and 120.
10
Calculate the highest common factor of 1722 and 29151.
123
Calculate the greatest common divisor of 1353 and 20669